{"id":531,"date":"2021-02-13T15:39:17","date_gmt":"2021-02-13T14:39:17","guid":{"rendered":"http:\/\/grabomfk.se\/?page_id=531"},"modified":"2021-02-13T15:39:17","modified_gmt":"2021-02-13T14:39:17","slug":"integritetspolicy","status":"publish","type":"page","link":"http:\/\/grabomfk.se\/?page_id=531","title":{"rendered":"Integritetspolicy"},"content":{"rendered":"\n<h3 class=\"wp-block-heading\"><strong>Integritetspolicy Gr\u00e5bo Modellflygklubb<\/strong><\/h3>\n\n\n\n<h3 class=\"wp-block-heading\"><strong>Parter och ansvar f\u00f6r behandlingen av dina personuppgifter<\/strong><\/h3>\n\n\n\n<p>Gr\u00e5bo Modellflygklubb (nedan kallad f\u00f6reningen) \u00e4r personuppgiftsansvarig f\u00f6r behandlingen av personuppgifter som sker inom ramen f\u00f6r f\u00f6reningens verksamhet.<\/p>\n\n\n\n<p>F\u00f6reningen har som \u00e4ndam\u00e5l att bedriva idrottslig verksamhet i enlighet med \u201dIdrottsr\u00f6relsens verksamhetsid\u00e9, vision och v\u00e4rdegrund\u201d.<\/p>\n\n\n\n<h3 class=\"wp-block-heading\"><strong>Varf\u00f6r behandlar vi dina personuppgifter?<\/strong><\/h3>\n\n\n\n<p>F\u00f6r att f\u00f6reningen ska kunna bedriva sin verksamhet behandlas personuppgifter f\u00f6r olika \u00e4ndam\u00e5l kopplade till verksamheten.<\/p>\n\n\n\n<p>F\u00f6reningen behandlar personuppgifter f\u00f6r att administrera l\u00f6pande f\u00f6reningsaktiviteter (ex. tr\u00e4ningsverksamhet och medlemsm\u00f6ten), kommunicera med medlemmarna (kallelser till aktiviteter, information till m\u00e5lsm\u00e4n m.m.) samt hantera medlemsrelaterade ekonomiska transaktioner (medlemsavgifter och t\u00e4vlinsavgifter m.m.).<\/p>\n\n\n\n<p>F\u00f6reningen hanterar \u00e4ven personuppgifter i samband med ans\u00f6kan om t\u00e4vlingslicens till SF\/SDF. Ut\u00f6ver behandlingen av personuppgifter vid licensans\u00f6kningsprocessen behandlas personuppgifter vid varje t\u00e4vlingstillf\u00e4lle kopplat till licensens regelverk. Personuppgifterna behandlas vid anm\u00e4lan till t\u00e4vling, under p\u00e5g\u00e5ende t\u00e4vling och efter t\u00e4vlingstillf\u00e4llet vid resultatrapportering.<\/p>\n\n\n\n<p>F\u00f6reningen behandlar \u00e4ven personuppgifter f\u00f6r att ans\u00f6ka om bidrag fr\u00e5n bland annat Riksidrottsf\u00f6rbundet och f\u00f6reningens hemkommun.<\/p>\n\n\n\n<p>F\u00f6reningen \u00e4r personuppgiftsansvarig f\u00f6r behandlingen av de personuppgifter som sker vid:<\/p>\n\n\n\n<ul><li>Hantering av medlemskap i f\u00f6reningen<\/li><li>F\u00f6reningsadministration<\/li><li>Deltagande i f\u00f6reningens tr\u00e4ningsverksamhet<\/li><li>Deltagande i f\u00f6reningens t\u00e4vlingsverksamhet<\/li><li>Licenshantering<\/li><li>Ans\u00f6kan om bidrag<\/li><li>Sammanst\u00e4llning av statistik och uppf\u00f6ljning<\/li><li>Utbildningar arrangerade av f\u00f6reningen<\/li><li>Kontakt med medlem<\/li><li>Bes\u00f6k p\u00e5 v\u00e5r hemsida<\/li><li>Publicering av material p\u00e5 hemsida och sociala medier<\/li><li><em>Tilltr\u00e4desf\u00f6rbud (om till\u00e4mpligt)<\/em><\/li><li><em>Ordningsst\u00f6rningar och otill\u00e5ten p\u00e5verkan (om till\u00e4mpligt)<\/em><\/li><\/ul>\n\n\n\n<h3 class=\"wp-block-heading\"><strong>Vilka delar vi personuppgifter med?<\/strong><\/h3>\n\n\n\n<p>Uppgifterna kommer inte att \u00f6verf\u00f6ras till tredje land och dina personuppgifter kommer inte att uts\u00e4ttas f\u00f6r automatiserat beslutsfattande.<\/p>\n\n\n\n<p>Om f\u00f6reningen vid n\u00e5got enstaka tillf\u00e4lle m\u00e5ste dela dina personuppgifter med tredje land kommer du att informeras s\u00e4rskilt om detta. Det kan exempelvis vara aktuellt n\u00e4r\/om du anm\u00e4ls till t\u00e4vling i tredje land.<\/p>\n\n\n\n<h3 class=\"wp-block-heading\"><strong>Vilken laglig grund har vi f\u00f6r personuppgiftsbehandling?<\/strong><\/h3>\n\n\n\n<p>F\u00f6reningen har nedan sammanst\u00e4llt den lagliga grunden f\u00f6r behandlingen av personuppgifter som sker inom f\u00f6reningens verksamhet.<\/p>\n\n\n\n<figure class=\"wp-block-table\"><table><thead><tr><td>\u00c4ndam\u00e5l med behandling<\/td><td>Laglig grund<\/td><\/tr><\/thead><tbody><tr><td>Hantering av medlemskap i f\u00f6reningen<\/td><td>Avtal<\/td><\/tr><tr><td>F\u00f6reningsadministration<\/td><td>Avtal<\/td><\/tr><tr><td>Deltagande i f\u00f6reningens tr\u00e4ningsverksamhet<\/td><td>Avtal<\/td><\/tr><tr><td>Licenshantering<\/td><td>Avtal<\/td><\/tr><tr><td>Deltagande i f\u00f6reningens t\u00e4vlingsverksamhet<\/td><td>Avtal<\/td><\/tr><tr><td>Ans\u00f6kan om bidrag<\/td><td>R\u00e4ttslig f\u00f6rpliktelse<\/td><\/tr><tr><td>Sammanst\u00e4llning av statistik och uppf\u00f6ljning<\/td><td>Allm\u00e4nt intresse<\/td><\/tr><tr><td>Utbildningar arrangerade av f\u00f6reningen<\/td><td>Allm\u00e4nt intresse vid statsbidragsfinansierad utbildning, annars samtycke<\/td><\/tr><tr><td>Kontakt med f\u00f6reningen<\/td><td>Intresseavv\u00e4gning<\/td><\/tr><tr><td>Bes\u00f6k p\u00e5 v\u00e5r hemsida<\/td><td>Intresseavv\u00e4gning<\/td><\/tr><tr><td>Publicering av material p\u00e5 hemsida och sociala medier<\/td><td>Intresseavv\u00e4gning och ibland samtycke&nbsp;<\/td><\/tr><tr><td>Tilltr\u00e4desf\u00f6rbud<\/td><td>R\u00e4ttslig f\u00f6rpliktelse<\/td><\/tr><tr><td>Ordningsst\u00f6rningar och otill\u00e5ten p\u00e5verkan<\/td><td>R\u00e4ttsligf\u00f6rpliktelse<\/td><\/tr><\/tbody><\/table><\/figure>\n\n\n\n<h3 class=\"wp-block-heading\"><strong>Hur l\u00e4nge sparar vi dina personuppgifter?<\/strong><\/h3>\n\n\n\n<p>F\u00f6reningen kommer att genomf\u00f6ra en bed\u00f6mning \u00e5rsvis om \u00e4ndam\u00e5let med behandlingen av personuppgifterna kvarst\u00e5r. Om inte \u00e4ndam\u00e5len med behandlingen av personuppgifterna kvarst\u00e5r kommer uppgifterna att raderas.<\/p>\n\n\n\n<p><strong>Vilka r\u00e4ttigheter har du?<\/strong><\/p>\n\n\n\n<p>Du som registrerad i f\u00f6reningen har flera r\u00e4ttigheter som du b\u00f6r k\u00e4nna till.<\/p>\n\n\n\n<p>Du har r\u00e4tt att f\u00e5 ett registerutdrag avseende f\u00f6reningens behandling av dina personuppgifter. F\u00f6reningen ska vid beg\u00e4ran av registerutdrag f\u00f6rse dig med en kopia av de personuppgifter som \u00e4r under behandling. F\u00f6r eventuella ytterligare kopior som du beg\u00e4r f\u00e5r f\u00f6reningen ta ut en rimlig avgift utifr\u00e5n administrativa kostnader. Du kan enkelt beg\u00e4ra ett registerutdrag i IdrottOnline via Min Sida.<\/p>\n\n\n\n<p>Du har i vissa fall \u00e4ven r\u00e4tt till dataportabilitet av personuppgifterna. Du kan enkelt beg\u00e4r dataportabilitet av dina personuppgifter i IdrottOnline via Min Sida.<\/p>\n\n\n\n<p>Du har r\u00e4tt att f\u00e5 dina personuppgifter korrigerade om de \u00e4r felaktiga, ofullst\u00e4ndiga eller missvisande och r\u00e4tt att begr\u00e4nsa behandlingen av personuppgifterna tills de blir \u00e4ndrade.<\/p>\n\n\n\n<p>Du har under vissa omst\u00e4ndigheter r\u00e4tt att bli raderad:<\/p>\n\n\n\n<ul><li>Om uppgifterna inte l\u00e4ngre beh\u00f6vs f\u00f6r de \u00e4ndam\u00e5l som de samlades in f\u00f6r<\/li><li>Om behandlingen grundar sig p\u00e5 den enskildes samtycke och du \u00e5terkallar samtycket<\/li><li>Om behandlingen sker f\u00f6r direktmarknadsf\u00f6ring och du mots\u00e4tter sig att uppgifterna behandlas<\/li><li>Om du mots\u00e4tter sig personuppgiftsbehandling som sker inom ramen f\u00f6r myndighetsut\u00f6vning eller efter en intresseavv\u00e4gning och det inte finns ber\u00e4ttigade sk\u00e4l som v\u00e4ger tyngre \u00e4n dina intressen<\/li><li>Om personuppgifterna har behandlats olagligt<\/li><li>Om radering kr\u00e4vs f\u00f6r att uppfylla en r\u00e4ttslig skyldighet<\/li><li>Om personuppgifterna avser barn och har samlats in i samband med att barnet skapar en profil i ett socialt n\u00e4tverk<\/li><\/ul>\n\n\n\n<p>Du har ocks\u00e5 r\u00e4tt att dra in ett samtycke, mots\u00e4tta dig automatiskt beslutsfattande, profilering och inv\u00e4nda mot direktmarknadsf\u00f6ring.<\/p>\n\n\n\n<p>Du kan n\u00e4r som helst ut\u00f6va dina r\u00e4ttigheter genom att beg\u00e4ra tillg\u00e5ng till och r\u00e4ttelse eller radering av personuppgifter, beg\u00e4ra begr\u00e4nsning av behandling eller inv\u00e4nda mot behandling. Kontakta styrelsen f\u00f6r att ut\u00f6va dina r\u00e4ttigheter.<\/p>\n\n\n\n<p>Vidare har du r\u00e4tt att inge ett klagom\u00e5l avseende f\u00f6reningens behandling av personuppgifter till Datainspektionen, bes\u00f6k&nbsp;<a href=\"http:\/\/www.datainspektionen.se\/\">www.datainspektionen.se<\/a>.&nbsp;<\/p>\n\n\n\n<p>Mer information om hur f\u00f6reningen arbetar f\u00f6r att tillvarata dina r\u00e4ttigheter \u00e5terfinns i&nbsp;<em>Instruktioner f\u00f6r att tillvarata enskildas r\u00e4ttigheter<\/em>.<br><strong><br>Om du vill veta mer<\/strong><\/p>\n\n\n\n<p>Har du fr\u00e5gor om f\u00f6reningens personuppgiftsbehandling eller vill ut\u00f6va dina r\u00e4ttigheter kontaktar du styrelsen.<\/p>\n","protected":false},"excerpt":{"rendered":"<p>Integritetspolicy Gr\u00e5bo Modellflygklubb Parter och ansvar f\u00f6r behandlingen av dina personuppgifter Gr\u00e5bo Modellflygklubb (nedan kallad f\u00f6reningen) \u00e4r personuppgiftsansvarig f\u00f6r behandlingen av personuppgifter som sker inom ramen f\u00f6r f\u00f6reningens verksamhet. F\u00f6reningen har som \u00e4ndam\u00e5l att bedriva idrottslig verksamhet i enlighet med \u201dIdrottsr\u00f6relsens verksamhetsid\u00e9, vision och v\u00e4rdegrund\u201d. Varf\u00f6r behandlar vi dina personuppgifter? &#8230;<\/p>\n","protected":false},"author":1,"featured_media":0,"parent":0,"menu_order":0,"comment_status":"closed","ping_status":"closed","template":"","meta":[],"_links":{"self":[{"href":"http:\/\/grabomfk.se\/index.php?rest_route=\/wp\/v2\/pages\/531"}],"collection":[{"href":"http:\/\/grabomfk.se\/index.php?rest_route=\/wp\/v2\/pages"}],"about":[{"href":"http:\/\/grabomfk.se\/index.php?rest_route=\/wp\/v2\/types\/page"}],"author":[{"embeddable":true,"href":"http:\/\/grabomfk.se\/index.php?rest_route=\/wp\/v2\/users\/1"}],"replies":[{"embeddable":true,"href":"http:\/\/grabomfk.se\/index.php?rest_route=%2Fwp%2Fv2%2Fcomments&post=531"}],"version-history":[{"count":1,"href":"http:\/\/grabomfk.se\/index.php?rest_route=\/wp\/v2\/pages\/531\/revisions"}],"predecessor-version":[{"id":533,"href":"http:\/\/grabomfk.se\/index.php?rest_route=\/wp\/v2\/pages\/531\/revisions\/533"}],"wp:attachment":[{"href":"http:\/\/grabomfk.se\/index.php?rest_route=%2Fwp%2Fv2%2Fmedia&parent=531"}],"curies":[{"name":"wp","href":"https:\/\/api.w.org\/{rel}","templated":true}]}}